t is the tens digit of d?
8
Let s = 312 + -388. Let k = 505 + s. What is the hundreds digit of k?
4
Suppose -2*q + 8 = 0, -10*y + 3*q - 531 = -9*y. Let c(f) = -81*f**2 + 3. Let s be c(-3). Let g = y - s. What is the hundreds digit of g?
2
Let h(n) = 37*n**2 - 49 - 16*n**2 - 20*n**2 + 30*n. What is the units digit of h(-45)?
6
Let d = -2536 - -7795. What is the thousands digit of d?
5
Suppose 125 = -5*x - 3*a, 0 = 2*a - 10. Let j = -24 - x. Let n = j + 71. What is the tens digit of n?
7
Let w(b) = 4*b + 32. Let a be w(-9). Let y = a - -17. Suppose -2*p = 2*n - y - 47, -p = -2. What is the tens digit of n?
2
Let c be 3/(-5)*(76 + -81). Suppose c = h, 2*h = -3*d + 792 + 2967. What is the thousands digit of d?
1
Suppose 5*u - u - 4776 = -4*j, j - 2*u = 1185. Let v = j + 1138. What is the tens digit of v/34 + 2/4?
6
What is the units digit of (-1078254)/(-24) + 70/40?
9
Let x = -19940 + 35513. What is the units digit of x?
3
Suppose 34 - 22 = 6*k. Suppose 5*y - 4383 = 3*h, -391 = -y - k*h + 483. What is the hundreds digit of y?
8
Let s(c) = c**3 + 109*c**2 + 346*c - 541. What is the hundreds digit of s(-103)?
4
Let f(g) = 97*g**2 + 11*g + 5. What is the tens digit of f(14)?
7
Let h(v) = -157 + v**2 + 2*v**2 - 86*v - 168 + 355. What is the tens digit of h(32)?
5
Suppose 8*m - 21 = 11. What is the hundreds digit of (1/m)/(2/(-4))*-936?
4
Suppose 0 = m - 5*l + 1683 - 6449, l = -5*m + 23960. What is the thousands digit of m?
4
Suppose 0 = m - 2*p - 12, -5*m + 16 + 20 = -4*p. Let f(q) = -q - 9*q**2 - 2*q - 2*q + q**3 + 16 - m*q. What is the tens digit of f(10)?
2
Let u(c) = 48*c**3 - 7*c**2 + 4*c + 5. Let t be u(5). Suppose 10*x - t = -8*x. What is the tens digit of x?
2
Let m = 12543 - 3806. What is the hundreds digit of m?
7
Let u(d) = 26*d - 16. Let k(v) = v**2 + 9*v + 23. Let i be k(-9). Let r be u(i). What is the tens digit of (r/(-15))/(4/(-10))?
9
Suppose -21230 = -20*a - 76670. Let g = -1925 - a. What is the tens digit of g?
4
Suppose 6*a + 56 - 158 = 0. Suppose -4*f + a = 9. Suppose -81 = -2*j + 4*r - 9*r, 4*j - 138 = -f*r. What is the units digit of j?
3
Let b = 58886 - 41450. What is the units digit of b?
6
Suppose -61*i = 14*i + 57 + 318. Let b = 23 + 0. Let a = i + b. What is the tens digit of a?
1
Let r(a) = 383*a**2 + 330*a - 1639. What is the thousands digit of r(5)?
9
Suppose -4*o + 9*c - 14*c = -250812, 0 = 57*o + 5*c - 3574601. What is the units digit of o?
3
Let v(f) = f**2 - 9*f + 3. Let w be v(10). Suppose 4*j = 5*i - w, 0 = -2*i - 3*j + 1 - 5. What is the units digit of -3 + 3 - (i + -5)?
4
Let m = -16490 - -43958. What is the ten thousands digit of m?
2
What is the tens digit of 1 - -5875 - (-10)/5?
7
Let b = 33252 - -24748. What is the hundreds digit of b?
0
Suppose 0 = -3*i + 47 - 44. Let z be i*(1 - -1) + -7. Let g(x) = -x**3 + 2*x**2 + x - 15. What is the hundreds digit of g(z)?
1
Suppose 2 = 2*m, -5*z = 5*m - 21 + 1. Suppose 1071 = w + 3*v, 2*v = z*w - w - 2166. What is the thousands digit of w?
1
Let g = -53 + 39. Let m = g - -16. Suppose -5*x + 307 = 2*r, m*r - x - 257 = 4*x. What is the hundreds digit of r?
1
Suppose -4*x - h - 2*h + 1198 = 0, 4*h = 3*x - 886. Let i = x + -151. What is the tens digit of i?
4
Let o(g) = 14*g + 12*g + 2 - 27*g + g**3. Let d be o(0). Suppose 2*q - d*a = 186, -275 = -6*q + 3*q + a. What is the tens digit of q?
9
Let h be (-114)/(-7)*(122 + 4). Suppose -1229*x = -1220*x - h. What is the units digit of x?
8
Suppose 3*i = 5*d - 27148, -15*d + 32*i - 34*i = -81433. What is the tens digit of d?
2
Let m = 128 + -126. Suppose 5*r = -0*r - 5, -5*p + 1802 = -m*r. What is the tens digit of p?
6
Suppose -z = 2*z - 6, 2*x - 8 = z. Suppose -x*g = 4*s - 1084, -s = 17*g - 12*g - 1081. What is the hundreds digit of g?
2
Let a = -494 - -490. What is the units digit of 163*-8*(34/a - -8)?
2
Suppose -16*h - 21532 = -69272 - 96788. What is the thousands digit of h?
9
Let k(x) = -x**2 + 12*x - 20. Let l be k(8). Suppose 3*b - 3975 = -l*b. What is the hundreds digit of b?
2
Suppose 2*d + 77 = 3*d. Let x(k) = 8*k + 324. Let h be x(-49). Let j = d + h. What is the units digit of j?
9
Let v be 665/210 - (-2)/(-12). Let b(o) = 2*o**3 + 6*o - 1. What is the units digit of b(v)?
1
What is the tens digit of 22710*((-69)/9 - -8)?
7
Suppose 0 = 31*n - 69*n - 52*n + 2131560. What is the hundreds digit of n?
6
Let o = 78224 + 5063. What is the thousands digit of o?
3
Let d(t) = 488*t - 717. What is the hundreds digit of d(5)?
7
Suppose -5*s + 45351 - 4550 = x, 4*s = -2*x + 32642. What is the tens digit of s?
6
Suppose 2*m - 2*t = 16, -3*m = -52*t + 56*t - 31. Suppose 8*l + 934 = m*l. What is the hundreds digit of l?
9
Suppose -2*l + 17*l - 12*l - 43905 = 0. What is the thousands digit of l?
4
Let j = 264 - 262. Suppose j*x - 187 = 503. What is the units digit of x?
5
Let c = -1519 - -5167. What is the thousands digit of c?
3
Suppose -100*q - 101*q = -173*q - 1065820. What is the thousands digit of q?
8
Let z(a) = 527*a - 1328. What is the thousands digit of z(10)?
3
Suppose -2*a - a - 15 = 0. Let f(u) = -2*u - 11. Let i be f(a). Let x = i - -64. What is the units digit of x?
3
Suppose -2*c + 18 = -4*x, 3*x - 1 - 2 = 0. Suppose -c*a - 36 = -135. What is the units digit of a?
9
Let x = 465 - 463. Let b(u) = 11*u**3 - u**2 - u + 7. What is the units digit of b(x)?
9
Let m = -115 - -436. Suppose -t = -2*u + 325, 2*u + 6*t = 3*t + m. What is the units digit of u?
2
Suppose -6*m + 7*m - 16 = -l, -4*l + 1 = m. Suppose -m*a = -23*a + 690. What is the units digit of a?
5
Suppose 0*a = -8*a + 928. Let k(n) = -56*n**3 + 2*n**2 - 2*n + 1. Let m be k(1). Let v = m + a. What is the tens digit of v?
6
Suppose -6 = -2*h, 88*i - 90*i - h = -11225. What is the hundreds digit of i?
6
Let x be 1/(-4) - 7/(-28). Suppose 4*j + x*o + 271 = 3*o, -2*j - 2*o - 146 = 0. Let p = 136 + j. What is the tens digit of p?
6
Suppose 0 = 191*h - 4076413 - 2345007. What is the thousands digit of h?
3
Suppose 126*i - 145*i = -1140. What is the units digit of i?
0
Suppose -3*i - 3*j = 0, 4*i + 0*j - j = 0. Let o(m) = 7*m + i*m**3 + m**3 + 11*m**2 + 2 + m - m**2. What is the tens digit of o(-9)?
1
Let d(w) = w**2 + 11*w + 3. Let q be d(-11). Let n be (2 + (-492)/10)*(q + -8). Suppose f + 3*y = 77, y - 50 = -4*f + n. What is the units digit of f?
1
Suppose 296 = -3*n - 1195. Let v = n - -740. What is the hundreds digit of v/(-18)*(-52)/6?
1
What is the thousands digit of (1706946/94)/(-6*(-4)/80)?
0
What is the units digit of 11037*(2/15 - 4*(-8)/160)?
9
Suppose 747*p - 751*p - 20375 = -3*h, p = 3*h - 20351. What is the units digit of h?
1
Let l = 39071 - 1166. What is the tens digit of l?
0
Let u(j) = -j + 36. Let w be u(-6). Let o = 169 - w. What is the units digit of o?
7
Suppose -3*z + 6 + 3 = 0. Let a be (5/z)/(10/30). Suppose 553 = 5*m + 3*b, -a*b = 4*m - 9*m + 545. What is the hundreds digit of m?
1
Suppose 139*m - 1185608 = -207326. What is the thousands digit of m?
7
Let a(c) = c**2 - 7*c + 3. Let o be ((-15)/(-6) + -3)*-14. Let n be a(o). Suppose 4*y = k + 443, n*k + 116 = -3*y + 467. What is the tens digit of y?
1
Suppose 4*a - 3*u - 24 = 13, 0 = -5*a + 3*u + 44. Let t(m) be the third derivative of m**4/6 - m**3/6 + 3*m**2 + 1. What is the units digit of t(a)?
7
Let x(u) = -u**3 + 22*u**2 - 25*u + 14. Suppose 13*t = 12*t + 20. Let h be x(t). Let j = h + -157. What is the units digit of j?
7
Let s(c) = -c**2 - 4 + 31*c + 8*c - 27*c. What is the tens digit of s(10)?
1
What is the hundreds digit of (12/8)/(2 + (-29485)/14750)?
4
Let w(n) = -1210*n + 1161. What is the tens digit of w(-26)?
2
What is the thousands digit of ((3119130/(-24))/(-35))/((-9)/(-12))?
4
Let y = 398 - 395. What is the tens digit of y + (-3785)/(-10) - (-2)/4?
8
Let m(r) = 151*r**2 - 76*r - 213. What is the units digit of m(-3)?
4
Let u(p) = -401*p - 2648. What is the units digit of u(-10)?
2
Suppose 7*j - 1523 = 108. What is the units digit of 3 + (j - -7) + 5?
8
Suppose a + 24*x = 23*x + 177, 5*x - 173 = -a. What is the units digit of a*-11*6/(-12)?
9
Let v(k) = -k**3 + 13*k**2 + 18*k - 60. Let d be v(14). Let g(i) = -7*i**3 + 5*i**2 + 4*i - 1. What is the units digit of g(d)?
1
Let z(a) be the first derivative of a**4/2 + a**3/3 + 60*a - 89. What is the tens digit of z(0)?
6
Le